at is -15 + 28 + -18 + -3?
-8
Calculate -1 + -5 + -5 - -5.
-6
Calculate 20 + -3 + (99 - 79) - (10 - 0).
27
Calculate 1 - 31 - (98 + -104 - (1 + -16)).
-39
What is the value of 18 + (4 - 8) + -179 + 182?
17
What is -6 + 9 - (-8 - -6 - 0)?
5
What is the value of 18 + 10 + -13 + -1 + -2?
12
What is the value of (0 - (-6 + -8) - 13) + -7?
-6
Evaluate 0 + 11 + 3 - (57 - 46).
3
(11 - (13 + -5)) + -6
-3
-6 - -7 - (2 + -1 - -6)
-6
What is -32 - (-36 + 22) - (-2 + -1 - -13)?
-28
-1 + 25 + 2 + -8 - (-8 + 17)
9
Calculate -5 - -13 - 21 - -9 - 13.
-17
What is the value of (-2 - -2) + -26 + 39?
13
Calculate 3 + 1 + 1 - (-14 - (35 - 42)).
12
What is the value of -25 + 8 + (4 + 1 - 4)?
-16
What is the value of (3 - (5 - 5)) + 7 + -11 + 12?
11
6 + (-34 - (6 - -10) - -14)
-30
Evaluate 2 + -12 + (20 - 8).
2
What is -9 + 2 + -1 + -8 + 34 - 7?
11
Evaluate 3 + 46 - (-28 + 54).
23
What is the value of (2 - 2) + (-16 + 23 - 4) + -13?
-10
What is 3 + 2 + -2 - (185 + -182)?
0
8 + (131 - 121 - (46 - -1) - -2)
-27
Evaluate 4 - 6 - (2 - 8) - 0.
4
What is 3 + 4 + -11 + (0 - -4) - -9?
9
(2 - -1) + -18 + 10 + -9
-14
What is the value of 7 - (-5 - (-14 + 8)) - (-7 + 0)?
13
Evaluate -7 - (-4 + 5 + -5 - (-8 + 2)).
-9
Evaluate (1 - -1 - (917 - 918)) + (14 - -1).
18
Calculate (8 - (-5 + 2)) + (-14 - -18).
15
-1 + -6 - -19 - (-4 - (-5 + 0))
11
What is -12 + (33 - (14 + 2))?
5
What is the value of 1 + 18 + -3 - (-53 - -101)?
-32
What is the value of (4 + 0 - (-67 - -67)) + -11?
-7
Calculate 6 - 6 - (-3 - (-1 + -2 - 3)).
-3
(0 + (-13 - (-5 + -1)) - -11) + 22
26
Calculate 6 + (-9 + 7 - (3 + -7)) + -8.
0
What is the value of -12 + 9 - -8 - -27?
32
What is 0 + 1 + 2 + -49 + 91 + -43?
2
Evaluate (12 - -1 - 7) + (7 + -3 - 18).
-8
Calculate 1 + 10 + -337 + 326.
0
What is 4 + (7 - (7 + 12))?
-8
What is the value of -5 + (25 - 15) - -10?
15
Evaluate -7 - (-51 + (10 - -15)).
19
What is the value of -67 + 23 + (-8 - -36)?
-16
What is the value of 2 + (-1 - 7) + (1 - (18 - 9))?
-14
What is the value of -6 - (-3 + (0 - 1) - (-22 + 16))?
-8
Calculate -89 - -33 - (-65 + 25).
-16
What is the value of 6 - (18 - (16 + -10))?
-6
Calculate (11 - (10 + (-6 - -2))) + (0 - -7).
12
12 + (4 - 7) + -7 + 4 + 0
6
4 + (-37 + -5 - -28)
-10
What is the value of (-48 - -51) + ((5 - 3) + -6 - 3)?
-4
Calculate 36 + -17 + -2 - 11 - 13.
-7
4 + (-1 + (2 - 1) - (-135 + 139))
0
What is the value of 2 - (11 - 0) - (154 + -156)?
-7
What is -2 + -8 + -2 + (4 - -5)?
-3
Evaluate 1 - (((-38 - -3) + 10 - 10) + 3).
33
Calculate 16 + -26 + 15 + 2 - -25.
32
What is the value of -11 - (151 - 159 - (-26 - 1))?
-30
What is (4 - -3) + (-4 - -3) + -5 + -16?
-15
-2 + 8 + 3 + 39 + -50
-2
What is -4 - -1 - (-29 + -9 + (40 - 22))?
17
What is the value of 0 + 2 + 2 - (-31 - (30 - 57))?
8
(20 - (6 - -5)) + 13
22
Calculate -84 + 70 + (2 - -22).
10
What is the value of -18 - -7 - -5 - -2?
-4
What is 23 - (-5 + (10 - -5) + 2)?
11
Evaluate ((-18 - -11) + 10 - 10) + (2 - -19).
14
What is -6 + 1 + 93 + -73 - (-2 - 3)?
20
Evaluate (-33 - 5) + 29 - (-2 + -5 - -2).
-4
What is -53 - (-6 + -10 - 10 - -11)?
-38
Evaluate 0 + (18 + -13 - ((2 - 2) + 0)).
5
What is -26 - (37 - (37 + 35))?
9
What is -8 - -1 - (7 - -4 - 6)?
-12
Evaluate 30 + (-45 - (-8 - 19)).
12
Evaluate -12 + -4 - (60 - 56).
-20
What is the value of 3 + -3 - 1 - (21 + -6 + 3)?
-19
What is -2 + 2 + (22 - 9 - 8) + -18?
-13
What is the value of (0 - -9) + -12 + (13 - 16)?
-6
What is -3 + 13 + (6 - 9) + (17 - 13)?
11
What is -8 + 17 + -10 + (-6 - 2)?
-9
105 - 76 - (13 + -1)
17
(-12 + 15 - -10) + (-3 - -2) + 1
13
What is the value of 1 + (-1 - -1 - (7 + 0 + -6))?
0
Evaluate (-9 + 17 - -1) + -21.
-12
Evaluate (-8 - (-4 - 0)) + -7 + 6 + 19.
14
What is the value of 1 + 1 - (-17 - (-25 + -12)) - -5?
-13
What is 57 + -61 + 1 + 3 + (-5 - 4)?
-9
Evaluate -5 + -3 + (4 - (29 + -14)).
-19
Calculate 0 + (-15 + 41 - 13).
13
What is 6 - (0 + (9 - (-1 + -2)))?
-6
Evaluate (-8 - 0) + 1 + 14 + -15.
-8
(135 - 178) + (2 - 3 - -12)
-32
What is the value of (-54 - (24 - 47)) + 22?
-9
What is 3 + (-5 - -18) + -39?
-23
What is 1773 - 1785 - ((0 - 5) + 1)?
-8
Evaluate 0 + 7 + -2 - (2 - -3).
0
Evaluate -3 + 5 + 0 - 27 - -8.
-17
What is the value of (11 - (3 - (3 - 6))) + (-3 - -3)?
5
-20 + (-194 - -193 - (0 + -44))
23
-46 + 41 + 19 + 1
15
Calculate (-3 - 0) + (-6 + 19 - 4) - -1.
7
6 + -17 + 19 - (2 + 11)
-5
-9 - (-5 + 12 + -15)
-1
What is 1 - -8 - (-9 - (1 - 4)) - 1?
14
(36 - 36) + -4 + -2 + -3
-9
Calculate 17 + -23 - (-11 + -5 + 11 + -3).
2
Calculate 11 - (23 + 3 + 0 + -130 + 130).
-15
What is (20 - (44 + -22)) + (3 - 4)?
-3
Evaluate 28 + -12 + 27 - 33.
10
Calculate -7 + (-11 - (0 + -7)).
-11
What is (19 - (42 + -24)) + -7?
-6
Evaluate (-1 - 10) + -3 + -2 + 12.
-4
0 + 4 + (-5 - (-1 - -11))
-11
Calculate (14 - (8 - 13)) + -20 + 21.
20
-15 - -33 - (6 + 20) - (-17 - 2)
11
12 - ((9 + 2 - 21) + 8)
14
What is the value of (2 - -3) + 0 - (4 - 5)?
6
Calculate -10 - 1 - (-24 - (-4 - 38) - 18).
-11
What is the value of -2 - 2 - ((-4 - 0) + 8 + -20)?
12
Calculate 0 + -31 + 511 + -489.
-9
Evaluate -13 + -5 + 5 + 18.
5
Evaluate (4 - -7 - 12) + (-2 - (-9 + 5)).
1
Evaluate -2 + (1 - 0) - (4 + 1).
-6
Calculate (-2 + 2 - -5 - (-275 + 281)) + 18.
17
What is the value of (18 - 78) + 34 + 33?
7
What is 8 + (9 + -9 - 6) + 23?
25
What is 6 - (-8 - ((10 - 6) + 3 + -14))?
7
Evaluate 0 + 58 + -27 + -51.
-20
Calculate 13 - (20 + -33) - (8 - -2).
16
What is 1 + -1 - (-9 - (9 - 23 - 3))?
-8
Calculate 2166 + -2180 - (-1 + 6 + 1 - 0).
-20
22 + (-29 - (14 + -10))
-11
0 + 33 - (-295 + 308)
20
What is -3 + -17 + 30 + 4 + (-2 - -9)?
21
(59 - (-11 - -47)) + 5
28
3 + (2 - 5) - (17 + -10)
-7
11 + 2 + 51 + (56 - 131)
-11
Calculate -23 - -23 - (-4 + -4 + 3).
5
Evaluate 30 + (-15 + -17 - -28).
26
Calculate (-62 - -30) + 71 - 25.
14
Calculate (0 - (-11 + 21 - 10)) + 2 + 28.
30
What is (-13 - (11 - (-3 - -4))) + 1?
-22
4 - (1 + (0 - 12) - -9)
6
Evaluate 546 - 553 - (2 - 1).
-8
Evaluate (-482 - -479) + (0 - (-30 - (0 + 1))).
28
Evaluate 7 + 12 + -40 + 15 - (5 + -1).
-10
What is -1 + 15 + (396 - 413)?
-3
2 + 2 + 9 - (945 + -935)
3
What is the value of -12 + (15 + 7 - 12) - -29?
27
(40 - (16 + (-10 - 2))) + -7
29
Calculate 2 + (4 - 3) + 2 + -11 - -17.
11
What is (5 - (13 + -1)) + (-3 - -2)?
-8
What is 54 - 5 - (12 + 12)?
25
What is (-6 - 1) + 4 + -4 + 21 + -4?
10
Evaluate -6 + (15 - -1) + -19 + 26.
17
Evaluate -14 + -3 - ((-1 - -9) + (-6 - 2)).
-17
What is (-45 - -49) + 12 + (-12 - -7)?
11
Evaluate (4 - 1) + 53 + -64.
-8
What is the value of 30 + -36 - -24 - (1 + 4 - 0)?
13
Calculate 17 - (0 + 6 + -11).
22
What is 0 - (48 - 20) - -30?
2
Calculate -6 - (10 + -8 + 4 + 1).
-13
Calculate -182 + 187 - (13 + -1).
-7
Calculate (-1 - 0) + 0 + 20 + (-656 - -659).
22
What is the value of (3 + 9 + -2 - 7) + -35 + 7?
-25
(513 - 538) + (13 - 1)
-13
Evaluate 0 + -26 - -14 - -17.
5
What is the value of -3 + 27 + -12 + -8?
4
Calculate -13 - (-21 + -10 + 6) - 8.
4
What is the value of 2 + -2 + 20 + (-71 - -68)?
17
Evaluate -10 + 1 + 2 + -2.
-9
What is -5 - (-36 - -42 - (3 + -1 - 1))?
-10
What is the value of (0 - (-2 - (5 - (-9 + 10)))) + -9?
-3
What is the value of (-19 - (-12 + 6)) + 14?
1
Calculate 2 + (-2 - (9 - (-8 - -7))).
-10
What is -5 + -9 + (-9 - -11) - -13?
1
26 - (-1 + (35 - 8) + -13)
13
7 + 26 + -21 + (-14 - -2)
0
Calculate (-50 - (-34 + 14)) + 18.
-12
Calculate 9 - (26 - 19) - (0 + -3).
5
What is (10 - -9) + -12 - (6 - 1 - 30)?
32
Evaluate 3 + 11 + -31 + -1 + -2.
-20
What is -16 - 0 - (-517 - -493)?
8
Calculate 1 + 14 + (-11 - -11) + -1.
14
What is the value of -1 + -19 + -24 + -58 + 76?
-26
Evaluate -6 - (-21 - -27 - 7).
-5
What is 7 + 0 - (0 - (-27 - -13))?
-7
What is -14 - (0 - (-2 - (-5 - -3)))?
-14
Evaluate (-7 - -52) + -10 + -27.
8
Calculate 158 - 157 - (8 + -2 - -1).
-6
What is -1 + (5 - (-9 + -9 + 17)) + 20?
25
(31 - -16) + -29 - 8
10
What is (-12 - -22) + 13 - (4 + -4 + 7)?
16
Evaluate 6 - (-10 - 7 - -19).
4
What is -2 + (-5 - -2) + -3 - (-13 - -20)?
-15
6 - 8 - (-23 + (23 - 0))
-2
Calculate 0 - (-6 + 0) - -2 - (63 - 70).
15
Evaluate -16 - -14 - (-8 + -3) - 18.
-9
Calculate (-102 + 95 - (0 + 8)) + (1 - 1).
-15
Evaluate -9 + (-16 - -15) + (3 - 1).
-8
Calculate 67 + -9 + -21 + -14.
23
21 + -2 + 2 + -7 - (2 - -3)
9
Calculate -35 - (27 - 17 - 28).
-17
1 